Let y(d) = 35*d - 173. What is y(8)?
107
Let k(c) = -261*c - 29. Calculate k(0).
-29
Let m(q) = 2529*q + 20233. What is m(-8)?
1
Let i(z) = -z**3 + 14*z**2 - 30*z + 23. Determine i(12).
-49
Let h(j) = 499*j + 521. What is h(-1)?
22
Let u(k) = k**3 - 18*k**2 + 2*k - 53. What is u(18)?
-17
Let l(w) = 3*w**2 - 29*w + 150. Give l(8).
110
Let m(i) = -i**3 + 12*i**2 - 48*i + 334. What is m(12)?
-242
Let v(a) = 14*a**2 + 400*a + 3. Give v(-29).
177
Let c(g) = 62*g**2 - 993*g + 24. What is c(16)?
8
Let v(k) = k**3 + 2*k**2 - 50*k - 213. Give v(-4).
-45
Let o(u) = 2*u**2 + 429*u - 57199. Calculate o(93).
-4
Let n(a) = a**3 - 10*a**2 + 12*a - 26. What is n(9)?
1
Let z(c) = 17*c + 1298. Calculate z(-76).
6
Let q(v) = -259*v + 137. Calculate q(1).
-122
Let a(s) = -34*s + 917. What is a(27)?
-1
Let a(i) = -i**3 - 16*i**2 + 298*i + 49. What is a(-27)?
22
Let m(j) = -j**3 - 110*j**2 - 212*j + 439. Give m(-108).
7
Let b(u) = 11*u**3 - 2245*u**2 + 202*u + 405. Calculate b(204).
-3
Let m(d) = -166*d + 8968. Determine m(54).
4
Let w(x) = -32*x + 365. Calculate w(7).
141
Let x(i) = 1128*i + 18046. Give x(-16).
-2
Let c(t) = -641*t - 6414. What is c(-10)?
-4
Let l(z) = -9*z - 46. Give l(-22).
152
Let p(h) = h**2 + 334. What is p(0)?
334
Let h(u) = 2*u**3 - 45*u**2 - 187*u + 3799. Give h(23).
27
Let c(a) = 9*a**2 - 13*a - 178. Determine c(6).
68
Let k(l) = -11*l**2 + 115*l + 54. Determine k(14).
-492
Let w(t) = -t**3 + 17*t**2 - 42*t - 13. Give w(14).
-13
Let l(b) = 22*b**3 - 6*b**2 + 14*b + 2. What is l(2)?
182
Let l(i) = 4*i**3 + 114*i**2 - 63*i - 107. Give l(-29).
38
Let l(z) = -2*z**3 - 13*z**2 + 3*z - 118. Determine l(-10).
552
Let a(h) = -h**3 + 5*h**2 + 44*h - 23. What is a(-5)?
7
Let i(m) = -666*m + 6671. Calculate i(10).
11
Let d(a) = -414*a - 7963. What is d(-19)?
-97
Let x(c) = 690*c + 4802. Calculate x(-7).
-28
Let i(n) = 4*n**3 - 4*n**2 + 2*n - 6. Calculate i(-4).
-334
Let s(w) = -3*w**3 - 104*w**2 + 39*w + 133. What is s(-35)?
-7
Let w(q) = q**2 + 10*q - 520. Determine w(-31).
131
Let p(y) = y**2 + 280*y - 29. What is p(0)?
-29
Let y(s) = -394*s + 5894. Calculate y(15).
-16
Let a(b) = 70*b - 2. What is a(2)?
138
Let p(v) = v**2 - 18*v + 38. Give p(16).
6
Let z(j) = -44*j + 624. Give z(14).
8
Let y(d) = -40*d**2 - 14*d - 10. Determine y(-1).
-36
Let u(i) = 75*i - 178. Calculate u(2).
-28
Let k(n) = 2*n**3 - 245*n**2 - 621*n - 509. Calculate k(125).
-9
Let n(f) = f**2 - 13*f + 106. Determine n(21).
274
Let d(c) = c**3 + 15*c**2 + 26*c - 21. What is d(-10)?
219
Let p(g) = -2*g**3 + 214*g**2 + 434*g + 221. Give p(109).
3
Let a(r) = r - 20. What is a(-23)?
-43
Let q(r) = r**3 - 5*r**2 - 88*r + 510. What is q(6)?
18
Let s(j) = 15*j**2 - 19*j - 84. What is s(-4)?
232
Let g(t) = 6*t**2 + 133*t + 260. Calculate g(-2).
18
Let c(m) = m**3 - 2*m**2 - 5*m + 18. What is c(6)?
132
Let b(x) = 39*x - 86. Give b(2).
-8
Let b(f) = 2*f - 224. Give b(-11).
-246
Let k(x) = 11*x**2 + 469*x + 5. Determine k(-43).
177
Let i(p) = -6*p**3 + 40*p + 40. What is i(-1)?
6
Let a(y) = 2*y**2 - 116*y + 89. Determine a(57).
-25
Let j(x) = x**2 + 195*x + 2383. Give j(-13).
17
Let b(g) = -37*g + 79. What is b(9)?
-254
Let y(a) = -8*a**2 + 167*a + 37. Calculate y(23).
-354
Let y(u) = 5*u**2 - 23*u - 75. What is y(-4)?
97
Let k(c) = 2*c**3 - 9*c**2 - 23*c + 15. Give k(-4).
-165
Let p(v) = v**3 + 5*v**2 - 17*v - 22. Calculate p(-7).
-1
Let x(w) = 8*w - 2463. Determine x(307).
-7
Let r(n) = 2*n**2 + 88*n + 137. What is r(-41)?
-109
Let f(j) = -210*j**2 - 632*j - 7. Determine f(-3).
-1
Let g(s) = 14*s**2 + 49*s - 10. Calculate g(-7).
333
Let k(v) = -74*v - 189. Determine k(-3).
33
Let v(w) = 428*w - 2560. Calculate v(6).
8
Let w(t) = 101*t**2 + 48*t + 46. Give w(-1).
99
Let g(p) = -3*p**2 - 23*p - 10. Determine g(6).
-256
Let d(c) = 2*c**2 - 18*c + 22. Calculate d(7).
-6
Let n(v) = 2*v**2 - 53*v - 193. Give n(31).
86
Let m(t) = 149*t - 1347. Calculate m(9).
-6
Let s(p) = -p**3 + 51*p**2 - 46*p - 190. What is s(50)?
10
Let n(a) = a**3 + 25*a**2 + 29*a - 157. Calculate n(-24).
-277
Let a(f) = 5*f**2 - 302*f + 104. Determine a(60).
-16
Let y(s) = s**3 - 26*s**2 - 18*s + 466. What is y(26)?
-2
Let g(x) = -3*x**3 + 79*x + 157. Calculate g(-2).
23
Let j(f) = -21*f + 305. Determine j(13).
32
Let l(g) = g**3 + 7*g**2 + 35*g + 179. What is l(-6)?
5
Let p(q) = -6*q**2 - 190*q + 1989. Determine p(-40).
-11
Let a(o) = -882*o + 18522. What is a(21)?
0
Let m(g) = -2*g**3 - g**2 - 18*g - 18. Determine m(-1).
1
Let h(y) = 17*y**3 - 47*y**2 - y + 3. What is h(3)?
36
Let v(q) = 489*q + 520. What is v(-1)?
31
Let x(t) = t**3 + 13*t**2 + 40*t + 23. What is x(-8)?
23
Let l(z) = 4*z**2 + 123*z + 379. Give l(-3).
46
Let u(p) = 31*p + 106. What is u(-4)?
-18
Let t(g) = -g**3 - 9*g**2 + 162*g - 35. Calculate t(9).
-35
Let a(t) = -226*t - 2900. Determine a(-13).
38
Let n(i) = -22*i**2 - 11*i - 25. What is n(-3)?
-190
Let w(z) = 118*z - 35. What is w(-3)?
-389
Let l(f) = -1174*f - 44608. Give l(-38).
4
Let v(l) = l**2 + 29*l - 8. Determine v(-29).
-8
Let y(q) = -5*q + 60. Give y(11).
5
Let s(z) = -z**3 - 5*z**2 - 9*z - 5. What is s(-4)?
15
Let g(b) = -b**3 - 34*b**2 + 11*b - 835. Calculate g(-35).
5
Let f(i) = -2*i**3 - 33*i**2 + 18*i + 24. Calculate f(-17).
7
Let j(u) = -1233*u - 9876. Calculate j(-8).
-12
Let h(d) = 2*d**3 + 12*d**2 + 16*d + 93. Determine h(-6).
-3
Let o(c) = c**2 - 409*c - 2510. Calculate o(-6).
-20
Let q(v) = 6*v**2 - 96*v + 345. Calculate q(7).
-33
Let r(m) = -11792*m - 141515. What is r(-12)?
-11
Let a(b) = 45*b**3 + 2*b**2 + 2*b + 2. Determine a(-2).
-354
Let r(w) = -69*w + 77. Give r(1).
8
Let b(c) = -7*c**2 - 378*c - 50. What is b(-52)?
678
Let j(y) = -2*y**2 + 51*y + 172. Give j(30).
-98
Let j(d) = 142*d**3 - d**2 + 6*d + 7. Give j(-1).
-142
Let d(v) = -483*v + 2919. What is d(7)?
-462
Let m(h) = -142*h + 391. What is m(3)?
-35
Let m(o) = -2378*o + 83226. Give m(35).
-4
Let w(n) = -2*n**2 + 74*n + 707. Give w(-8).
-13
Let r(t) = 4*t**3 - 4*t**2 - 3*t + 8. Give r(2).
18
Let z(q) = -2*q**2 - 625*q - 7786. Give z(-13).
1
Let s(m) = 5*m**2 + 70*m + 215. Calculate s(-11).
50
Let u(l) = 40*l + 1771. Give u(-45).
-29
Let o(v) = 2*v**2 - 191*v - 2308. What is o(-11)?
35
Let f(j) = -5*j**3 - 36*j**2 - 7*j - 3. Determine f(-8).
309
Let j(s) = s**2 - 8964*s + 98475. Give j(11).
-8
Let c(t) = 1056*t + 8364. Give c(-8).
-84
Let b(z) = -2*z**2 + 94*z + 1269. Determine b(58).
-7
Let d(a) = -a**3 + 40*a**2 + 27*a - 1026. Give d(40).
54
Let b(s) = 9*s**2 - 266*s + 299. What is b(29)?
154
Let k(c) = -47*c**2 + 1176*c - 22. What is k(25)?
3
Let l(h) = h**3 + 6*h**2 + 20*h + 109. What is l(-6)?
-11
Let g(s) = -57*s**3 + 4*s**2 - 9*s + 6. Give g(2).
-452
Let k(h) = -3267*h - 26138. What is k(-8)?
-2
Let h(p) = -801*p + 3212. Calculate h(4).
8
Let c(s) = -14*s - 97. Calculate c(-8).
15
Let r(q) = -5*q**2 - 1455*q - 2891. Determine r(-2).
-1
Let y(s) = -248*s - 429. Determine y(-2).
67
Let q(f) = 2*f**2 - 55*f + 111. Determine q(25).
-14
Let f(h) = 402*h - 12038. Determine f(30).
22
Let n(g) = 2088*g - 4175. Determine n(2).
1
Let i(u) = 314*u - 4399. Give i(14).
-3
Let x(k) = 54*k - 51. Calculate x(1).
3
Let x(w) = -w**2 + 16*w + 92. Determine x(-5).
-13
Let v(f) = 3*f**3 - 27*f**2 + 7*f + 6. What is v(9)?
69
Let l(k) = 8*k + 451. Give l(8).
515
Let l(s) = 4*s**3 + 41*s**2 - 5*s - 156. Calculate l(-10).
-6
Let d(r) = 15*r - 65. Determine d(8).
55
Let h(a) = -7*a**3 + 1001*a**2 + 2*a - 269. What is h(143)?
17
Let t(y) = -y**2 - 142*y + 1189. Calculate t(-150).
-11
Let k(o) = -196*o - 14314. What is k(-73)?
-6
Let x(r) = -r**3 + 4*r**2 + 2*r + 2. Give x(5).
-13
Let o(g) = -52*g + 3448. Calculate o(66).
16
Let h(k) = 7*k**2 - 10*k + 5. Calculate h(2).
13
Let v(h) = -58*h + 662. Give v(11).
24
Let o(s) = -2*s**2 - 39*s - 125. Give o(-3).
-26
Let h(i) = i**3 + 28*i**2 + 185*i - 65. What is h(-15)?
85
Let x(i) = -355*i + 6031. Give x(17).
-4
Let f(b) = 6*b - 273. Give f(47).
9
Let z(x) = 12*x**2 + 3*x. Calculate z(-2).
42
Let a(o) = -o**2 + 6240*o + 18724. Calculate a(-3).
-5
Let l(g) = -g**3 + 5*g**2 - 622*g - 2621. Give l(-4).
11
Let n(y) = y**3 + 131*y**2 - 3*y + 20. Determine n(-131).
413
Let h(a) = a**2 + 154*a - 467. Give h(3).
4
Let j(t) = -t**3 + 21*t**2 - 38*t + 210. Calculate j(19).
210
Let u(x) = x**3 - 1